 = 4*r - 5, 4*u + r = 9. Suppose -5*q - 482 = -3*d, -323 = -u*d + q + 2*q. Is d composite?
True
Suppose -28*f = -26*f - 8. Suppose -5*o + 3*z + 19732 = 4*z, 0 = -o - f*z + 3935. Is o prime?
True
Suppose -71*i + 76*i = -5*t + 550840, 3*i - 330497 = 4*t. Is i composite?
True
Let o(d) = -d**3 - 10*d**2 - 22*d + 15. Let p be o(-5). Suppose p = 39*x - 53682 - 124197. Is x composite?
False
Is (-2 - (1 + -484840)) + 384/(-48) a prime number?
True
Suppose -x - 2 = 0, -s + 5 - 2 = 3*x. Suppose s*r - 11*r + 190 = 0. Suppose -3*n + 125 - 22 = p, -p = n - r. Is p a prime number?
False
Let p = 13808 - 13789. Let y(t) = 3 - 5*t - 30 - t**2 + 46*t. Is y(p) a composite number?
True
Suppose 0 = 3*m - 2*f - 7 + 17, 3*f - 15 = -3*m. Suppose 2*j - 5*z - 5956 = m, 13055 = 5*j - 3*z - 1816. Is j prime?
False
Let d(k) = -85*k**3 + 2*k**2 + k - 3. Suppose u = 2, -2*u - 10 + 1 = -p. Suppose -3*j = 3*l + 9, -5*l - 2*j + 1 = p. Is d(l) composite?
False
Let h = 6015 - 1666. Let b = 6682 - h. Is b a composite number?
False
Is 33665*130/20*(-2)/(-13) a composite number?
True
Let g(n) = 6*n + 13. Let w be g(-4). Let v(p) = -90*p - 33. Let o be v(w). Suppose o + 748 = 11*u. Is u prime?
False
Let l(c) = -41*c**3 + 2*c**2 - 10*c - 32. Let s be l(-3). Let h = -392 + s. Is h composite?
True
Let k(a) = 9291*a**2 + 1192*a - 4. Is k(-3) composite?
False
Suppose -u = -2*s - 6, s - 5*u = -0*u - 12. Is (3/s)/((-21)/54082) a composite number?
False
Let o(y) = y**3 + 17*y**2 - y - 21. Let z(u) = 26*u + 9. Let m be z(-1). Let x be o(m). Is (4/x)/((-3)/9033) composite?
False
Let c(g) = 24*g**3 - 87*g + 394. Is c(5) prime?
False
Let g = -13453 - -27956. Is g a prime number?
True
Suppose -4*n + 4662838 = 3*z, -69*n - z + 1165709 = -68*n. Is n a composite number?
False
Suppose 5*z = 2*n - 568061 - 812012, 0 = -n - 3*z + 690086. Is n a prime number?
True
Let l(z) = 533*z**3 + 11*z**2 - 19*z + 23. Is l(6) a composite number?
True
Suppose 18*f - 25*f + 12*f = -5*p + 603195, -5*f = 0. Is p a prime number?
False
Let l(p) = -p**3 + 14*p**2 - 10*p - 8. Let g = 30 + -22. Suppose -g - 1 = -f. Is l(f) a composite number?
False
Suppose -4*t = -4, 0 = -4*c - 2*t - 2 + 4. Let o = 23 + c. Suppose o*u - 28*u = -3935. Is u a composite number?
False
Let q = 223 - 213. Suppose 0 = y - 2*j - 266, q*j - 12*j + 1044 = 4*y. Is y a composite number?
True
Suppose 38*f - 2044693 = 624921. Is f a composite number?
True
Let f be 4 + -9 + -2 + -14. Is (-6)/(-2)*((-14861)/f + -8) composite?
False
Let j be ((-2)/30)/(5/(-25))*33. Suppose j*a = 7*a + 572. Is a a composite number?
True
Let b be 12/(-48)*(3 - 3). Suppose -5*r + 50275 + 48270 = b. Is r composite?
False
Let m = -263683 - -514506. Is m prime?
False
Suppose 4*m - 3*f = 5985 - 1882, 2*f + 2 = 0. Let n = -2040 + 2092. Let d = n + m. Is d a prime number?
False
Let y(h) = -h**2 - 20*h - 11. Suppose 0 = -z - 5*u - 5 - 4, 0 = 4*z - 2*u + 80. Let i be y(z). Suppose 4*r = i*r - 156. Is r a prime number?
False
Let n = -2301 - -719. Let l = n - -3222. Suppose l = -5*m + 11875. Is m a prime number?
False
Let s be (-1)/(-1)*(-2)/(-2) - -3. Suppose m - 15 = -s*t, -4*t + 10 = 2*m - 0*m. Suppose 0*q - 1465 = -t*q. Is q prime?
True
Let x = -172 - -217. Suppose 140 = -3*r - 118. Let i = x - r. Is i a composite number?
False
Is 1 - 7 - (634624/(-12) + 6/18) a prime number?
True
Let i(o) = o + 8. Let b be i(-5). Suppose s = -5*c + 18, b*c = s - 2*s + 12. Suppose 8356 = c*r - z, -3*z - 1 = -2*z. Is r a composite number?
True
Suppose 17*r - 3570 - 1513 = 0. Let n = 1866 - r. Is n prime?
True
Is (28 - 30) + 1 + 57434 a composite number?
True
Suppose 0 = -k, -q + 4*k - 201668 = -5*q. Is q composite?
False
Let w(x) = x**3 + 4*x**2 + 13*x + 26. Let l be w(-4). Let k(b) = -152*b - 15. Is k(l) composite?
True
Suppose y + 4*y + 111810 = 4*h, 139783 = 5*h + 4*y. Is h a composite number?
True
Suppose 2*k + c - 13 = 0, 0 = -4*k - c + 4 + 17. Let o(l) = -26 + 3*l + k*l + 17*l - l. Is o(17) a composite number?
True
Suppose 42*a = 48*a - 22872. Let x = -1938 + a. Is x prime?
False
Suppose -8*t + 4*t + 357670 = 3*c, 0 = -2*c + 12. Is t a composite number?
False
Suppose 12*i - 101284 = 38840. Is i composite?
False
Let r be (-62)/(4/(-8)*4) - -3. Suppose -r*t + 30*t = -536. Is t a composite number?
True
Let t = 55 - 60. Let n be t/(-10)*4 + -20058. Is n/(-8) - ((-12)/(-1))/3 prime?
True
Suppose 25 = -123*j + 128*j, 227544 = 3*k - 3*j. Is k composite?
False
Let d = -97115 + 196652. Is d a composite number?
True
Let g be (-4 - -9)/(1 + 0). Let b(j) = -3*j + 15. Let w be b(g). Suppose w = -5*f - 5*k + 3245, -4*f = -3*f + 4*k - 637. Is f composite?
False
Let r(l) = -l**3 + 2*l**2 - 2*l - 1. Let x be r(-1). Suppose x*q = v - 0*v - 21, -2*v = 4*q + 18. Is -4*(390/(-8) + v) a composite number?
False
Suppose 239447 = 36*q - 708325. Is q a composite number?
True
Suppose -3*c + 9 = -3. Suppose 0 = -2*z + 5*p - 4, 0 = -2*z + 3*z + 4*p + 2. Is (3 + 1030/c)/(z/(-20)) a prime number?
False
Suppose -4*h + 4*g + 108304 = 0, -h + 5*h - 108314 = 2*g. Suppose -h = -2*a - 25*a. Is a composite?
True
Suppose 0 = 40*f - 130 + 50. Suppose -4*d + 2*r = -3226, -4*r - 789 = d - f*d. Is d a prime number?
True
Let y(g) = 67*g**3 + 5*g**2 + 8*g - 6. Let d be y(-3). Let u = -1267 - d. Is u prime?
False
Let h(x) be the second derivative of -37*x + 5*x**2 + 7/12*x**4 + 0 - x**3. Is h(-5) composite?
True
Suppose -21*x + 185160 = -349059. Is x a composite number?
False
Suppose s + 5*n - 369 = 0, -n = 14*s - 10*s - 1495. Let c = 1117 - s. Is c a composite number?
False
Let h(a) = 6*a + 6. Let j be h(-2). Let r be 5*(14/(-105))/(1/j). Is 2*r*(327/12 + 1) a composite number?
True
Let n be (-12)/6*(-1)/(-1) + 6. Let j be 93/33 - 3*n/(-66). Suppose 3*y = -4*a + 7192, -2*a = 3*a + j*y - 8993. Is a a prime number?
True
Suppose 2*h = 17*h - 525. Is (-160)/h - -5 - (-22024)/28 a prime number?
True
Suppose 0*c = -2*c. Suppose -25691 = -c*h - 23*h. Is h a composite number?
False
Let i(x) = -8*x**3 - 37*x**2 - 248*x - 1. Is i(-12) composite?
False
Is (-2005)/50*-2722 + 8/10 a prime number?
False
Let w(r) be the second derivative of 11*r**4/12 - r**3/6 - 5*r**2/2 - 25*r. Let n be w(-5). Suppose 6*l = l + n. Is l a composite number?
True
Suppose 7*n - 9*n = 4328. Let g = -1155 - n. Suppose -3*c + g + 1514 = 0. Is c composite?
True
Suppose -35*x = -40*x - 5. Let v(b) = -264*b**3 - 3*b**2 - b + 1. Is v(x) composite?
False
Let v(f) = -f**3 + 149*f**2 + 145*f + 74. Is v(49) a prime number?
True
Suppose -2*u - 196 = -9*u. Suppose -6*m = 8*m - u. Suppose 7*v - 2345 = 2*v + 4*l, l = m*v - 941. Is v a composite number?
True
Suppose 0 = -11*n + 4*n + 42. Suppose -3*a + 424 = -n*a + 2*o, -3*a = -o + 428. Let y = a - -591. Is y prime?
False
Suppose 4*h + 3*o + 3503 + 3494 = 0, -5246 = 3*h + 4*o. Let i = -3298 - h. Let c = -697 - i. Is c a composite number?
True
Let p(b) = -1388*b + 1535. Is p(-40) prime?
False
Let b(m) be the first derivative of m**4/4 - 8*m**3/3 + m**2 - 16*m + 20. Let z be b(8). Suppose 4*s - 3*s - 3359 = z. Is s prime?
True
Let k be (-3)/(-3)*-1*170*14. Let n = k + 3941. Is n prime?
False
Let k(j) = 1106*j**3 + 2021*j**3 + 47*j - 48*j + j**2. Is k(1) composite?
True
Let g = -3197 + 797. Let t = g + 4807. Is t a composite number?
True
Let j = -21 - -26. Suppose 6 + 4 = j*n. Suppose 21664 = 5*l + y, l - 4335 = -n*y + 4*y. Is l a prime number?
False
Suppose 0 = z + 4*s + 14, s - 2 + 6 = 0. Suppose 724 = 2*j + z*j. Let h = j - 58. Is h a composite number?
True
Let w(x) = 46*x**2 - 4*x - 3. Let m be (-20)/6*288/240. Is w(m) prime?
False
Let r(u) = -u - 45. Let o be r(39). Is (28/o)/((-1)/10167) prime?
True
Let g be (-1)/(2/(-4)) + (-6 - -13483). Suppose g = x - 4*j, 4*x + 40377 = 7*x + 3*j. Is x composite?
False
Suppose -7*m = -15 - 6. Suppose w + 6914 = m*w. Suppose -i = 3*r - 2384, 2*i - 5*r = w + 1344. Is i a prime number?
True
Suppose 13*p + 98 = 27*p. Suppose -3*f - p*f = -57790. Is f prime?
True
Suppose -107*t + 106*t - x = 7, 0 = 2*t - 3*x + 9. Let g = -352 - -494. Is (-3*g/t)/(0 - -1) a composite number?
False
Let c(i) = 165*i + 212. Let d be c(-4). Let u = d + 1286. Is u composite?
True
Is (21916394/(-505))/(-2 + 32/20) a composite number?
False
Let v be (-21)/(-4) + (22/8)/(-11). Suppose 2*i + v*i + 12810 = 0. Let t = 3833 - i